alculate the remainder when 4963 is divided by 1651.
10
What is the remainder when 267668 is divided by 89220?
8
What is the remainder when 89517 is divided by 22377?
9
What is the remainder when 127551 is divided by 31868?
79
Calculate the remainder when 157 is divided by 121.
36
Calculate the remainder when 5724973 is divided by 376.
373
Calculate the remainder when 6606 is divided by 1318.
16
What is the remainder when 1297 is divided by 1208?
89
What is the remainder when 521404 is divided by 15?
4
What is the remainder when 26738 is divided by 1572?
14
What is the remainder when 3776 is divided by 254?
220
What is the remainder when 51853 is divided by 22?
21
Calculate the remainder when 7660 is divided by 1089.
37
What is the remainder when 559185 is divided by 661?
640
Calculate the remainder when 37747 is divided by 66.
61
Calculate the remainder when 14608 is divided by 503.
21
What is the remainder when 12631 is divided by 91?
73
What is the remainder when 306239 is divided by 440?
439
Calculate the remainder when 37421 is divided by 148.
125
What is the remainder when 14604 is divided by 522?
510
What is the remainder when 13802 is divided by 129?
128
What is the remainder when 81001 is divided by 810?
1
What is the remainder when 34394 is divided by 39?
35
Calculate the remainder when 6953 is divided by 231.
23
Calculate the remainder when 2289 is divided by 313.
98
What is the remainder when 7116 is divided by 66?
54
Calculate the remainder when 2354 is divided by 405.
329
What is the remainder when 693 is divided by 239?
215
Calculate the remainder when 33145 is divided by 51.
46
Calculate the remainder when 104567 is divided by 14936.
15
Calculate the remainder when 47174 is divided by 57.
35
Calculate the remainder when 68373 is divided by 2618.
305
What is the remainder when 2091 is divided by 141?
117
Calculate the remainder when 250351 is divided by 59.
14
What is the remainder when 27592 is divided by 1617?
103
Calculate the remainder when 566384 is divided by 70797.
8
Calculate the remainder when 766491 is divided by 1317.
1314
Calculate the remainder when 1849 is divided by 227.
33
What is the remainder when 4581309 is divided by 24?
21
What is the remainder when 259128 is divided by 8?
0
Calculate the remainder when 4302 is divided by 1412.
66
What is the remainder when 619689 is divided by 155?
154
What is the remainder when 1117 is divided by 218?
27
Calculate the remainder when 893554 is divided by 805.
4
What is the remainder when 55746 is divided by 61?
53
What is the remainder when 1120 is divided by 549?
22
What is the remainder when 17769 is divided by 5910?
39
Calculate the remainder when 1843 is divided by 116.
103
Calculate the remainder when 2888 is divided by 1339.
210
What is the remainder when 4577 is divided by 3?
2
Calculate the remainder when 2685 is divided by 288.
93
Calculate the remainder when 3709 is divided by 312.
277
What is the remainder when 86784 is divided by 155?
139
What is the remainder when 212488 is divided by 323?
277
What is the remainder when 17606 is divided by 19?
12
What is the remainder when 9083 is divided by 407?
129
Calculate the remainder when 1254 is divided by 173.
43
What is the remainder when 53501 is divided by 5349?
11
Calculate the remainder when 82242 is divided by 82242.
0
Calculate the remainder when 2047580 is divided by 511892.
12
Calculate the remainder when 9757 is divided by 21.
13
What is the remainder when 52525 is divided by 4375?
25
What is the remainder when 257337 is divided by 31?
6
Calculate the remainder when 58560 is divided by 221.
216
What is the remainder when 2867 is divided by 1092?
683
What is the remainder when 29964 is divided by 29950?
14
Calculate the remainder when 8422 is divided by 366.
4
What is the remainder when 3205 is divided by 317?
35
What is the remainder when 9351 is divided by 9345?
6
Calculate the remainder when 2132 is divided by 51.
41
What is the remainder when 538683 is divided by 1151?
15
What is the remainder when 18812 is divided by 122?
24
Calculate the remainder when 1589 is divided by 1.
0
Calculate the remainder when 7092 is divided by 4.
0
Calculate the remainder when 14221 is divided by 4738.
7
What is the remainder when 4595 is divided by 131?
10
Calculate the remainder when 196916 is divided by 3176.
4
What is the remainder when 44632 is divided by 310?
302
Calculate the remainder when 63811 is divided by 31884.
43
What is the remainder when 690 is divided by 9?
6
What is the remainder when 5931 is divided by 1450?
131
What is the remainder when 24877 is divided by 6213?
25
What is the remainder when 1386 is divided by 250?
136
Calculate the remainder when 2005 is divided by 200.
5
Calculate the remainder when 2435 is divided by 58.
57
What is the remainder when 1834 is divided by 156?
118
Calculate the remainder when 154499 is divided by 412.
411
Calculate the remainder when 131317 is divided by 490.
487
Calculate the remainder when 12896 is divided by 2529.
251
What is the remainder when 5126 is divided by 753?
608
Calculate the remainder when 40704 is divided by 1435.
524
What is the remainder when 46036 is divided by 201?
7
What is the remainder when 40444 is divided by 3111?
1
Calculate the remainder when 19260 is divided by 1309.
934
Calculate the remainder when 225 is divided by 67.
24
What is the remainder when 4119 is divided by 568?
143
Calculate the remainder when 86 is divided by 10.
6
Calculate the remainder when 459077 is divided by 92.
89
Calculate the remainder when 3231 is divided by 98.
95
Calculate the remainder when 85713 is divided by 568.
513
What is the remainder when 94806 is divided by 14?
12
What is the remainder when 2871 is divided by 31?
19
What is the remainder when 711757 is divided by 153?
1
What is the remainder when 6566 is divided by 546?
14
Calculate the remainder when 4529 is divided by 129.
14
Calculate the remainder when 9917 is divided by 3098.
623
What is the remainder when 2782 is divided by 186?
178
What is the remainder when 2494 is divided by 1089?
316
What is the remainder when 16800 is divided by 16724?
76
Calculate the remainder when 3021 is divided by 2282.
739
Calculate the remainder when 22922 is divided by 16.
10
Calculate the remainder when 10072 is divided by 15.
7
What is the remainder when 337052 is divided by 45?
2
Calculate the remainder when 947895 is divided by 16.
7
What is the remainder when 244348 is divided by 22?
16
Calculate the remainder when 27284 is divided by 27247.
37
What is the remainder when 16702 is divided by 152?
134
Calculate the remainder when 2198 is divided by 348.
110
What is the remainder when 12117 is divided by 97?
89
Calculate the remainder when 10001 is divided by 2677.
1970
What is the remainder when 79914 is divided by 349?
342
What is the remainder when 76380 is divided by 45?
15
Calculate the remainder when 717 is divided by 167.
49
What is the remainder when 14153 is divided by 291?
185
What is the remainder when 10009 is divided by 30?
19
What is the remainder when 18174 is divided by 8443?
1288
Calculate the remainder when 172786 is divided by 155.
116
What is the remainder when 2616 is divided by 60?
36
Calculate the remainder when 17475 is divided by 17465.
10
Calculate the remainder when 2542 is divided by 776.
214
Calculate the remainder when 37063 is divided by 187.
37
What is the remainder when 63167 is divided by 24?
23
What is the remainder when 37361 is divided by 12451?
8
What is the remainder when 37836 is divided by 3783?
6
Calculate the remainder when 72201 is divided by 12.
9
Calculate the remainder when 156405 is divided by 229.
227
Calculate the remainder when 299635 is divided by 139.
90
What is the remainder when 7736 is divided by 510?
86
Calculate the remainder when 66669 is divided by 1457.
1104
Calculate the remainder when 6525 is divided by 541.
33
What is the remainder when 169265 is divided by 169238?
27
Calculate the remainder when 626 is divided by 115.
51
What is the remainder when 12153 is divided by 5825?
503
What is the remainder when 5973 is divided by 1487?
25
What is the remainder when 107052 is divided by 21?
15
Calculate the remainder when 2839744 is divided by 21.
19
What is the 